e prime factors of 1396?
2, 349
What are the prime factors of 75?
3, 5
List the prime factors of 14444.
2, 23, 157
What are the prime factors of 789?
3, 263
What are the prime factors of 1115?
5, 223
List the prime factors of 7724.
2, 1931
What are the prime factors of 5156?
2, 1289
List the prime factors of 996.
2, 3, 83
What are the prime factors of 1883?
7, 269
What are the prime factors of 1085?
5, 7, 31
List the prime factors of 605.
5, 11
What are the prime factors of 448?
2, 7
List the prime factors of 43621.
181, 241
List the prime factors of 9055.
5, 1811
List the prime factors of 3375.
3, 5
List the prime factors of 70560.
2, 3, 5, 7
List the prime factors of 14538.
2, 3, 2423
List the prime factors of 9444.
2, 3, 787
What are the prime factors of 2412?
2, 3, 67
What are the prime factors of 1728?
2, 3
What are the prime factors of 30351?
3, 67, 151
List the prime factors of 854.
2, 7, 61
What are the prime factors of 69?
3, 23
What are the prime factors of 1570?
2, 5, 157
What are the prime factors of 2254?
2, 7, 23
What are the prime factors of 3333?
3, 11, 101
What are the prime factors of 88?
2, 11
List the prime factors of 15049.
101, 149
What are the prime factors of 53277?
3, 7, 43, 59
What are the prime factors of 48751?
48751
What are the prime factors of 3181?
3181
List the prime factors of 34694.
2, 11, 19, 83
List the prime factors of 610.
2, 5, 61
What are the prime factors of 9697?
9697
List the prime factors of 753.
3, 251
What are the prime factors of 6925?
5, 277
List the prime factors of 3014.
2, 11, 137
List the prime factors of 9649.
9649
What are the prime factors of 128197?
17, 7541
List the prime factors of 233.
233
What are the prime factors of 2042?
2, 1021
What are the prime factors of 15092?
2, 7, 11
What are the prime factors of 1060?
2, 5, 53
What are the prime factors of 6539?
13, 503
What are the prime factors of 2073?
3, 691
List the prime factors of 15548.
2, 13, 23
List the prime factors of 14851.
14851
What are the prime factors of 43?
43
What are the prime factors of 12618?
2, 3, 701
List the prime factors of 15228.
2, 3, 47
List the prime factors of 1148.
2, 7, 41
List the prime factors of 4297.
4297
List the prime factors of 44230.
2, 5, 4423
List the prime factors of 728.
2, 7, 13
What are the prime factors of 20835?
3, 5, 463
What are the prime factors of 2215?
5, 443
List the prime factors of 29894.
2, 14947
List the prime factors of 2417.
2417
What are the prime factors of 6218?
2, 3109
What are the prime factors of 8853?
3, 13, 227
What are the prime factors of 2114?
2, 7, 151
List the prime factors of 31058.
2, 53, 293
List the prime factors of 79.
79
List the prime factors of 508.
2, 127
What are the prime factors of 494?
2, 13, 19
What are the prime factors of 69924?
2, 3, 5827
List the prime factors of 75582.
2, 3, 13, 17, 19
List the prime factors of 2825.
5, 113
List the prime factors of 13502.
2, 43, 157
List the prime factors of 3993.
3, 11
What are the prime factors of 40732?
2, 17, 599
What are the prime factors of 39709?
39709
What are the prime factors of 16527?
3, 7, 787
List the prime factors of 1861.
1861
List the prime factors of 3229.
3229
What are the prime factors of 1442?
2, 7, 103
What are the prime factors of 105016?
2, 13127
What are the prime factors of 7825?
5, 313
List the prime factors of 14468.
2, 3617
List the prime factors of 2442.
2, 3, 11, 37
What are the prime factors of 5199?
3, 1733
List the prime factors of 537.
3, 179
What are the prime factors of 1626?
2, 3, 271
What are the prime factors of 2677?
2677
What are the prime factors of 144819?
3, 16091
List the prime factors of 6333.
3, 2111
List the prime factors of 1849.
43
What are the prime factors of 2155?
5, 431
List the prime factors of 10897.
17, 641
What are the prime factors of 150?
2, 3, 5
List the prime factors of 101976.
2, 3, 7, 607
What are the prime factors of 139747?
139747
What are the prime factors of 33513?
3, 11171
What are the prime factors of 9818?
2, 4909
What are the prime factors of 3014?
2, 11, 137
List the prime factors of 13964.
2, 3491
What are the prime factors of 93?
3, 31
What are the prime factors of 28303?
11, 31, 83
What are the prime factors of 1861?
1861
What are the prime factors of 18789?
3, 6263
List the prime factors of 5850.
2, 3, 5, 13
What are the prime factors of 36311?
11, 3301
What are the prime factors of 73485?
3, 5, 23, 71
What are the prime factors of 4557?
3, 7, 31
List the prime factors of 12386.
2, 11, 563
List the prime factors of 3836.
2, 7, 137
List the prime factors of 1590.
2, 3, 5, 53
What are the prime factors of 483?
3, 7, 23
What are the prime factors of 10313?
10313
List the prime factors of 1292.
2, 17, 19
What are the prime factors of 7725?
3, 5, 103
List the prime factors of 316.
2, 79
What are the prime factors of 1107?
3, 41
What are the prime factors of 1671?
3, 557
What are the prime factors of 352?
2, 11
List the prime factors of 1268.
2, 317
List the prime factors of 84.
2, 3, 7
List the prime factors of 15024.
2, 3, 313
List the prime factors of 103695.
3, 5, 31, 223
List the prime factors of 16347.
3, 5449
List the prime factors of 11495.
5, 11, 19
List the prime factors of 150970.
2, 5, 31, 487
What are the prime factors of 446?
2, 223
List the prime factors of 125.
5
List the prime factors of 762.
2, 3, 127
List the prime factors of 20252.
2, 61, 83
List the prime factors of 1049.
1049
List the prime factors of 1247.
29, 43
List the prime factors of 52436.
2, 13109
What are the prime factors of 7553?
7, 13, 83
List the prime factors of 4424.
2, 7, 79
List the prime factors of 30916.
2, 59, 131
List the prime factors of 17004.
2, 3, 13, 109
What are the prime factors of 933?
3, 311
List the prime factors of 3186.
2, 3, 59
List the prime factors of 14632.
2, 31, 59
List the prime factors of 845.
5, 13
List the prime factors of 9044.
2, 7, 17, 19
What are the prime factors of 347?
347
List the prime factors of 30335.
5, 6067
What are the prime factors of 1952?
2, 61
What are the prime factors of 113?
113
What are the prime factors of 8435?
5, 7, 241
List the prime factors of 9706.
2, 23, 211
What are the prime factors of 701?
701
What are the prime factors of 54763?
23, 2381
List the prime factors of 40724.
2, 10181
What are the prime factors of 12754?
2, 7, 911
List the prime factors of 11489.
11489
What are the prime factors of 4293?
3, 53
What are the prime factors of 32864?
2, 13, 79
List the prime factors of 3373.
3373
What are the prime factors of 386?
2, 193
What are the prime factors of 25237?
25237
What are the prime factors of 1860?
2, 3, 5, 31
List the prime factors of 13035.
3, 5, 11, 79
List the prime factors of 115518.
2, 3, 13, 1481
List the prime factors of 17195.
5, 19, 181
List the prime factors of 33.
3, 11
List the prime factors of 1744.
2, 109
List the prime factors of 2467.
2467
List the prime factors of 14540.
2, 5, 727
List the prime factors of 32190.
2, 3, 5, 29, 37
List the prime factors of 15743.
7, 13, 173
List the prime factors of 3679.
13, 283
What are the prime factors of 169689?
3, 13, 19, 229
What are the prime factors of 1375?
5, 11
List the prime factors of 1784.
2, 223
List the prime factors of 83899.
53, 1583
List the prime factors of 52789.
11, 4799
List the prime factors of 3169.
3169
List the prime factors of 48954.
2, 3, 41, 199
List the prime factors of 224.
2, 7
What are the prime factors of 10664?
2, 31, 43
What are the prime factors of 1122?
2, 3, 11, 17
List the prime factors of 56677.
19, 157
List the prime factors of 5651.
5651
List the prime factors of 110705.
5, 7, 3163
List the prime factors of 12413.
12413
What are the prime factors of 1211?
7, 173
What are the prime factors of 47319?
3, 15773
What are the prime factors of 1819?
17, 107
List the prime factors of 8826.
2, 3, 1471
What are the prime factors of 1429?
1429
List the prime factors of 17576.
2, 13
What are the prime factors of 1575?
3, 5, 7
List the prime factors of 97877.
13, 7529
List the prime factors of 24728.
2, 11, 281
List the prime factors of 10170.
2, 3, 5, 113
List the prime factors of 16863.
3, 7, 11, 73
What are the prime factors of 506?
2, 11, 23
What are the prime factors of 20730?
2, 3, 5, 691
List the p